be 15/1 + 3 + 0. Suppose 5*v + d = -c, -2*v = -d - 2*d + 14. Let h = 12 + v. Calculate the greatest common factor of h and 8.
8
Let i(f) = -3*f - 4. Let d be i(-9). What is the highest common factor of d and 161?
23
Suppose -2*g = 2*g + 16. Let c = -5 - g. Let n be -2*(2 + -1)/c. What is the greatest common factor of 22 and n?
2
Suppose -6 = -5*b - 21. Let g(z) = -9*z + 1. Let m be g(b). What is the greatest common divisor of 42 and m?
14
Let s(l) = -l**3 - 2*l**2 + 7*l + 5. Let w be s(-4). Let a be (-8)/36 - (-38)/w. What is the highest common factor of a and 16?
4
Suppose 7*t - 110 = 2*t. Suppose l + 28 = 4*g, l + g - 178 = 6*l. Let o = l + 69. Calculate the highest common factor of t and o.
11
Suppose 15*i - 14*i = 0, -4*x + i + 40 = 0. Let z = -52 + 82. Calculate the greatest common factor of z and x.
10
Suppose -4*r + 12 = -n - 12, 3*r = 12. Let x be 2*14/n*-2. Calculate the highest common divisor of x and 35.
7
Let o = 12 - 1. Suppose o - 3 = -w - 4*i, 0 = -3*w + 3*i + 51. What is the greatest common divisor of w and 48?
12
Suppose -3*u + 5*u = 14. Calculate the greatest common factor of u and 28.
7
Suppose -t + 45 = 2*t. What is the highest common factor of 5 and t?
5
Let u(s) = 3*s**2 - 8. Let g = -20 - -28. Let k be u(g). Calculate the highest common factor of 23 and k.
23
Let b(v) = v**2 - 11*v + 14. Let h be 8 + (2 - (-2 + 2)). Let i be b(h). Suppose -2*j - 28 = -i*j. Calculate the greatest common divisor of j and 70.
14
Let d(q) = q + 4. Let u be d(9). Suppose 2*i = -0*i + 234. What is the highest common divisor of i and u?
13
Let v be 3*(-3)/(-9)*23 - 1. Calculate the highest common factor of v and 2.
2
Suppose c - 5*d = -2*d + 24, 5*c + 2*d = 35. What is the highest common divisor of 45 and c?
9
Suppose -58 = -7*c - 2. What is the greatest common factor of 88 and c?
8
Let k(s) = 34*s - 85. Let f be k(12). What is the greatest common divisor of 19 and f?
19
Suppose -3*m = 2*m + 5. Let h(q) = -5*q**3 - q**2. Let y be h(m). Suppose 52 = 4*z + 4*i, 3*z - i - 39 = y*i. Calculate the highest common factor of 104 and z.
13
Suppose -2*q + 92 = 2*q. What is the highest common divisor of q and 184?
23
Let g be ((-84)/15)/(2/(-20)). Let c(f) = -f**2 + 8*f - 2. Let b be c(4). What is the highest common factor of b and g?
14
Let k(p) = p**2 + 9*p - 5. Suppose -d + 2 = 7. Let a be (-30)/(-18)*(d - 1). Let t be k(a). Calculate the greatest common factor of t and 1.
1
Let c(b) = b**3 - 4*b**2 - 6*b + 5. Let n be c(5). Suppose n*f + 195 = 4*h + f, -h = 4*f - 45. What is the highest common divisor of h and 7?
7
Let q = 45 + 18. What is the greatest common divisor of 7 and q?
7
Let a = -1 + 4. Suppose b + 3*b = -5*l - 23, 15 = -a*l - 3*b. Let t(i) = -i**3 - 2*i**2 + i - 4. Let f be t(l). Calculate the highest common divisor of f and 8.
2
Suppose -3 = -v, 74 = 4*g + 5*v - 33. What is the greatest common divisor of g and 207?
23
Let r be (-70)/20*(-7 + -1). Calculate the greatest common factor of 84 and r.
28
Let h be -2 + 0 + (-1 - -3). Suppose h = 4*n - 0*n. Suppose 2*k - k - 112 = n. Calculate the highest common factor of 14 and k.
14
Let t = 83 - 81. What is the highest common divisor of 4 and t?
2
Suppose 5*d - 30 = 3*b, 5*d + 4*b = -3 - 2. Suppose -4*n = -2*n - 6. Let p = 9 + n. What is the greatest common factor of d and p?
3
Let a = -17 + 35. Suppose 4*o - a = 38. Let h = -57 + 64. What is the greatest common factor of h and o?
7
Let n be -1 + 23 + -3 + 6. Suppose -5*c + 5 + 20 = 0. What is the highest common factor of c and n?
5
Let j be 57 - (8/2 + 1). What is the greatest common factor of 182 and j?
26
Let j = 6 - 1. Let h = 0 + j. What is the greatest common factor of 25 and h?
5
Let f = 10 + -6. Let d = 3 - f. Let q be d + 1 + -2 + 9. What is the highest common factor of q and 63?
7
Let t(b) = -b**3 - 6*b**2 - 2*b + 7. Let z be t(-6). What is the greatest common factor of 19 and z?
19
Let f be (-2 - 0)*(-115)/10. What is the greatest common factor of 115 and f?
23
Suppose 0*w = -5*f - 2*w + 344, 143 = 2*f - w. Calculate the greatest common divisor of 28 and f.
14
Let d = -2 - -6. Let u(m) = -m**3 + 6*m**2 + 3*m - 8. Let s be u(5). What is the highest common divisor of d and s?
4
Suppose -5*q - 55 = -6*q. What is the greatest common divisor of q and 11?
11
Suppose -290 = -5*a - 110. Let o(l) = 3*l - 8. Let w be o(4). Calculate the greatest common divisor of w and a.
4
Suppose 4*d - 5*d - 104 = 3*a, -4*d - 31 = a. Let p be 2/8 - a/4. Calculate the greatest common factor of 9 and p.
9
Suppose -5*h - 1 = -4*x - 5, -5*x = -4*h + 5. Let k be 103 + -2 - (2 - x). Let b = 1 + 13. Calculate the greatest common divisor of b and k.
14
Suppose -3*u + 7 = 4*h, 0*u - 2*u + 12 = -h. Let p be (3 + 3 + h)*1. Calculate the highest common factor of p and 6.
2
Let u be (-4)/6 - (-2990)/30. What is the highest common factor of 9 and u?
9
Let b(q) = -q**2 + 6*q - 7. Suppose -3*a = -2*l - 2*l - 24, 2*a = 3*l + 17. Let w be b(a). What is the greatest common factor of w and 3?
1
Let k be 7/(28/176) - -2. What is the greatest common factor of k and 115?
23
Let h(r) = -2*r + 8. Let o be h(6). Let w be (-17)/(-4) + o/16. Let x = w - -4. Calculate the greatest common factor of x and 56.
8
Let w be 25/(-2)*28/(-35). Calculate the greatest common divisor of 10 and w.
10
Suppose s - 159 = 105. Calculate the highest common factor of s and 24.
24
Let k = 14 - 12. Suppose -4 = -2*q, -k*i = -0*i - 5*q - 6. Suppose 13 = 2*n - 11. What is the highest common divisor of i and n?
4
Let m(x) = x + 2. Let s be m(-5). Let n be s + 7 + (1 - -1). Let h(b) = 2*b**3 - 5*b**2 + 6*b - 6. Let d be h(4). What is the highest common divisor of n and d?
6
Let w(l) = -2*l + 38. Let v be w(7). What is the highest common divisor of v and 6?
6
Let p be (3 + 36/10)*10. Suppose 2*d + 3*d = 30. What is the greatest common factor of d and p?
6
Let v = 1 + -2. Let x be (v/(2 + -1))/1. Let o(k) = -107*k**3 + k**2. Let b be o(x). What is the highest common factor of b and 12?
12
Let t(c) = 9*c + 6. Let f be t(10). What is the greatest common factor of 12 and f?
12
Suppose -6*c + 10 = -50. Calculate the highest common factor of c and 40.
10
Suppose -y + 14 - 2 = 0. What is the highest common factor of y and 12?
12
Let l = 19 - -53. Calculate the highest common factor of l and 12.
12
Let r = -117 - -177. What is the greatest common factor of 60 and r?
60
Let b(y) = 29*y - 5. Let j be b(5). Let m be (4/10)/(7/j). Let g be ((-90)/m)/(6/(-16)). What is the greatest common factor of g and 6?
6
Let p be (-22)/6 + 4/6. Let f = 0 - p. Let x = 81 - 54. What is the greatest common factor of f and x?
3
Let p = -62 + 65. Let t(l) = -l + 1. Let c(a) = -a + 7. Let o(b) = -c(b) + 4*t(b). Let g be o(-2). What is the highest common factor of g and p?
3
Let w = -21 - -44. Let n = 42 - w. What is the greatest common divisor of 76 and n?
19
Let v(y) = y**3 + 8*y**2 + 6*y - 5. Let o be v(-5). Let k be (8/(-6))/(3/(-18)). Calculate the greatest common factor of o and k.
8
Let s(r) = 11*r - 12. Let x be s(12). Suppose -5*d = -d - x. Calculate the greatest common factor of 75 and d.
15
Let y(x) = -x - 5. Let g be y(-6). Let n be (5 - 14)*(g + -2). What is the greatest common factor of 18 and n?
9
Let w(j) = -j**3 - 27*j**2 - 27*j - 14. Let c be w(-26). Calculate the greatest common divisor of 16 and c.
4
Let o = 10 - 7. Suppose 4 = -o*f - 5, 4*f + 47 = 5*n. Calculate the greatest common divisor of n and 28.
7
Suppose 68 = 3*v + 2*n, -9*v + 3*n - 42 = -11*v. Calculate the highest common divisor of 48 and v.
24
Let w(m) = -m**3 - 6*m**2 - 3*m - 9. Let j be w(-6). What is the highest common factor of 36 and j?
9
Let o(k) = -k + 15. Let q be o(14). What is the highest common factor of 3 and q?
1
Suppose -69 = -5*s + 2*x, -2*x + 51 = 3*s - 0. Calculate the highest common factor of 45 and s.
15
Let a(n) = 2*n**3 + 5*n**2 + 3*n + 2. Let y be a(-2). Suppose -2*i + i + 57 = y. Calculate the greatest common factor of 38 and i.
19
Suppose 45 = -0*u + 3*u + 3*i, -17 = -u + i. Suppose 5*y - u = y. Suppose 3*h - 121 = -f, 3*h + 27 = y*h + 3*f. What is the highest common factor of h and 7?
7
Let q be (-101)/(-9) + 2/(-9). Suppose r = -q + 1. Let o be (-245)/r - 2/4. Calculate the highest common divisor of 8 and o.
8
Let x = 162 + -45. Ca